{"id":3609,"date":"2023-04-11T11:07:37","date_gmt":"2023-04-11T14:07:37","guid":{"rendered":"https:\/\/usefulpercentage.com.br\/?page_id=3609"},"modified":"2023-04-11T11:11:59","modified_gmt":"2023-04-11T14:11:59","slug":"solucao-de-negocio","status":"publish","type":"page","link":"https:\/\/usefulpercentage.com.br\/index.php\/solucao-de-negocio\/","title":{"rendered":"Solu\u00e7\u00e3o de Neg\u00f3cio"},"content":{"rendered":"<section class=\"wpb-content-wrapper\"><p>[vc_row equal_height=&#8221;yes&#8221; css=&#8221;.vc_custom_1463480619661{margin-bottom: 10px !important;}&#8221;][vc_column width=&#8221;1\/3&#8243; css=&#8221;.vc_custom_1459186986556{margin-right: 0px !important;padding-right: 0px !important;}&#8221;][vc_single_image image=&#8221;3611&#8243; img_size=&#8221;1920&#215;1280&#8243;][\/vc_column][vc_column width=&#8221;2\/3&#8243; css=&#8221;.vc_custom_1459186959095{margin-left: 0px !important;padding-left: 0px !important;}&#8221;][vc_column_text css=&#8221;.vc_custom_1681222122654{margin-left: 40px !important;}&#8221;]<strong>DESENVOLVIMENTO PERSONALIZADO<\/strong><\/p>\n<p>Solu\u00e7\u00f5es \u00e0 Medida das Necessidades dos nossos Clientes A USEFUL tem uma experi\u00eancia not\u00f3ria no desenvolvimento e integra\u00e7\u00e3o de solu\u00e7\u00f5es \u00e0 medida das necessidades dos nossos clientes.<\/p>\n<p>Trabalhando de perto em uma parceria unificada com nossos clientes, nosso valor agregado est\u00e1 em nossa capacidade de desenvolver qualquer produto ou solu\u00e7\u00e3o relacionada a software com base em requisitos de projetos individuais.[\/vc_column_text][\/vc_column][\/vc_row][vc_row][vc_column][vc_column_text css=&#8221;.vc_custom_1681222188767{margin-left: 40px !important;}&#8221;]A engenharia de sistemas e software da USEFUL abrange uma ampla gama de metodologias e tecnologias que permitem apresentar a solu\u00e7\u00e3o mais eficiente para cada desafio \u00fanico do cliente, garantindo que os projetos e sistemas de TI cumpram suas promessas.<\/p>\n<p>A USEFUL trabalha em projetos que s\u00e3o exclusivamente desenvolvidos e gerenciados internamente ou em projetos de terceiros, onde os clientes geralmente precisam de garantia adicional de que seus fornecedores contratados est\u00e3o cumprindo os requisitos dos padr\u00f5es.<\/p>\n<p>A experi\u00eancia e trabalho em m\u00faltiplas ind\u00fastrias permite \u00e0 USEFUL explorar solu\u00e7\u00f5es e metodologias de boas pr\u00e1ticas de diferentes mercados, de acordo com padr\u00f5es internacionais, uma qualidade distintiva reconhecida por todos os parceiros.[\/vc_column_text][\/vc_column][\/vc_row]<\/p>\n<\/section>","protected":false},"excerpt":{"rendered":"<p>[vc_row equal_height=&#8221;yes&#8221; css=&#8221;.vc_custom_1463480619661{margin-bottom: 10px !important;}&#8221;][vc_column width=&#8221;1\/3&#8243; css=&#8221;.vc_custom_1459186986556{margin-right: 0px !important;padding-right: 0px !important;}&#8221;][vc_single_image image=&#8221;3611&#8243; img_size=&#8221;1920&#215;1280&#8243;][\/vc_column][vc_column width=&#8221;2\/3&#8243; css=&#8221;.vc_custom_1459186959095{margin-left: 0px !important;padding-left: 0px !important;}&#8221;][vc_column_text css=&#8221;.vc_custom_1681222122654{margin-left: 40px !important;}&#8221;]DESENVOLVIMENTO PERSONALIZADO Solu\u00e7\u00f5es \u00e0 Medida das Necessidades dos nossos&#8230;<\/p>\n","protected":false},"author":1,"featured_media":0,"parent":0,"menu_order":0,"comment_status":"closed","ping_status":"closed","template":"","meta":{"two_page_speed":[],"footnotes":""},"class_list":["post-3609","page","type-page","status-publish","hentry"],"_links":{"self":[{"href":"https:\/\/usefulpercentage.com.br\/index.php\/wp-json\/wp\/v2\/pages\/3609","targetHints":{"allow":["GET"]}}],"collection":[{"href":"https:\/\/usefulpercentage.com.br\/index.php\/wp-json\/wp\/v2\/pages"}],"about":[{"href":"https:\/\/usefulpercentage.com.br\/index.php\/wp-json\/wp\/v2\/types\/page"}],"author":[{"embeddable":true,"href":"https:\/\/usefulpercentage.com.br\/index.php\/wp-json\/wp\/v2\/users\/1"}],"replies":[{"embeddable":true,"href":"https:\/\/usefulpercentage.com.br\/index.php\/wp-json\/wp\/v2\/comments?post=3609"}],"version-history":[{"count":3,"href":"https:\/\/usefulpercentage.com.br\/index.php\/wp-json\/wp\/v2\/pages\/3609\/revisions"}],"predecessor-version":[{"id":3613,"href":"https:\/\/usefulpercentage.com.br\/index.php\/wp-json\/wp\/v2\/pages\/3609\/revisions\/3613"}],"wp:attachment":[{"href":"https:\/\/usefulpercentage.com.br\/index.php\/wp-json\/wp\/v2\/media?parent=3609"}],"curies":[{"name":"wp","href":"https:\/\/api.w.org\/{rel}","templated":true}]}}